{"id":5,"date":"2016-02-11T17:12:42","date_gmt":"2016-02-11T17:12:42","guid":{"rendered":"http:\/\/rainerjooss.de\/wordpress\/?page_id=5"},"modified":"2020-07-29T10:53:23","modified_gmt":"2020-07-29T10:53:23","slug":"aktuelles","status":"publish","type":"page","link":"https:\/\/rainerjooss.de\/wordpress\/","title":{"rendered":""},"content":{"rendered":"<div class=\"csRow\">Am 23. Juli 2020 wurde die Umgestaltung des Rommel-Denkmals in Heidenheim gem\u00e4\u00df meiner Gesamtkonzeption durchgef\u00fchrt:<br \/><span style=\"font-size: inherit;\">www.rommel-denkmal.de<\/span><\/div>\n<div>\u00a0<\/div>\n\n\n<figure class=\"wp-block-image size-large\"><img loading=\"lazy\" decoding=\"async\" width=\"935\" height=\"624\" src=\"http:\/\/rainerjooss.de\/wordpress\/wp-content\/uploads\/2020\/07\/IMG_0415-klein.jpg\" alt=\"\" class=\"wp-image-90\" srcset=\"https:\/\/rainerjooss.de\/wordpress\/wp-content\/uploads\/2020\/07\/IMG_0415-klein.jpg 935w, https:\/\/rainerjooss.de\/wordpress\/wp-content\/uploads\/2020\/07\/IMG_0415-klein-300x200.jpg 300w, https:\/\/rainerjooss.de\/wordpress\/wp-content\/uploads\/2020\/07\/IMG_0415-klein-768x513.jpg 768w, https:\/\/rainerjooss.de\/wordpress\/wp-content\/uploads\/2020\/07\/IMG_0415-klein-700x467.jpg 700w\" sizes=\"auto, (max-width: 935px) 100vw, 935px\" \/><\/figure>\n","protected":false},"excerpt":{"rendered":"<p>Am 23. Juli 2020 wurde die Umgestaltung des Rommel-Denkmals in Heidenheim gem\u00e4\u00df meiner Gesamtkonzeption durchgef\u00fchrt:www.rommel-denkmal.de \u00a0<\/p>\n","protected":false},"author":1,"featured_media":0,"parent":0,"menu_order":0,"comment_status":"closed","ping_status":"closed","template":"","meta":{"footnotes":""},"class_list":["post-5","page","type-page","status-publish","hentry","column","twocol"],"_links":{"self":[{"href":"https:\/\/rainerjooss.de\/wordpress\/index.php?rest_route=\/wp\/v2\/pages\/5","targetHints":{"allow":["GET"]}}],"collection":[{"href":"https:\/\/rainerjooss.de\/wordpress\/index.php?rest_route=\/wp\/v2\/pages"}],"about":[{"href":"https:\/\/rainerjooss.de\/wordpress\/index.php?rest_route=\/wp\/v2\/types\/page"}],"author":[{"embeddable":true,"href":"https:\/\/rainerjooss.de\/wordpress\/index.php?rest_route=\/wp\/v2\/users\/1"}],"replies":[{"embeddable":true,"href":"https:\/\/rainerjooss.de\/wordpress\/index.php?rest_route=%2Fwp%2Fv2%2Fcomments&post=5"}],"version-history":[{"count":12,"href":"https:\/\/rainerjooss.de\/wordpress\/index.php?rest_route=\/wp\/v2\/pages\/5\/revisions"}],"predecessor-version":[{"id":103,"href":"https:\/\/rainerjooss.de\/wordpress\/index.php?rest_route=\/wp\/v2\/pages\/5\/revisions\/103"}],"wp:attachment":[{"href":"https:\/\/rainerjooss.de\/wordpress\/index.php?rest_route=%2Fwp%2Fv2%2Fmedia&parent=5"}],"curies":[{"name":"wp","href":"https:\/\/api.w.org\/{rel}","templated":true}]}}